{"id":1461,"date":"2021-04-03T21:01:22","date_gmt":"2021-04-03T19:01:22","guid":{"rendered":"https:\/\/angelvalencia.es\/?page_id=1461"},"modified":"2024-03-11T14:27:16","modified_gmt":"2024-03-11T13:27:16","slug":"sobre-mi","status":"publish","type":"page","link":"https:\/\/angelvalencia.es\/?page_id=1461","title":{"rendered":"\u00c1ngel Valencia"},"content":{"rendered":"\n<p><em>Logro\u00f1o, 1973<\/em><\/p>\n\n\n\n<div style=\"height:40px\" aria-hidden=\"true\" class=\"wp-block-spacer\"><\/div>\n\n\n\n<div class=\"wp-block-media-text has-media-on-the-right is-stacked-on-mobile\" style=\"grid-template-columns:auto 28%\"><div class=\"wp-block-media-text__content\">\n<p class=\"has-black-color has-text-color has-link-color wp-elements-e296e803c6f77fb6ff9933387e1c7d5c\" style=\"font-size:15px\">\u00c1ngel has always shown interest in the world of photography and its ability to transmit ideas and feelings. <\/p>\n\n\n\n<p class=\"has-black-color has-text-color has-link-color wp-elements-788e013e850a34ce2c08f7da240c7a03\" style=\"font-size:15px\">He began with the most classic aspect of photography: chemistry, not analog (as Jos\u00e9 Manuel Navia likes to say). However, it was in the digital age when he definitively entered this exciting world. <\/p>\n\n\n\n<p class=\"has-black-color has-text-color has-link-color wp-elements-bc328aea2038d7559ee9a4027abd868d\" style=\"font-size:15px\">After collaborating with several associations in La Rioja, participating in different exhibitions and teaching photography courses, Angel became part of the Foto Gasteiz photography school. It is here, together with Gustavo Bravo, where he begins to discover genres that activate his creativity and begins to carry out more personal and complex projects.<\/p>\n\n\n\n<div class=\"wp-block-group\"><div class=\"wp-block-group__inner-container is-layout-constrained wp-block-group-is-layout-constrained\">\n<p class=\"has-text-align-left has-cyan-bluish-gray-color has-text-color has-link-color wp-elements-e6bcf64e21c6e9c5c8edd4aea7753dc2\" style=\"font-size:15px\">Desde siempre, \u00c1ngel ha mostrado inter\u00e9s por el mundo de la fotograf\u00eda y su capacidad para transmitir ideas y sentimientos. <\/p>\n\n\n\n<p class=\"has-text-align-left has-cyan-bluish-gray-color has-text-color has-link-color wp-elements-9a39cbf927eee1b7be375cb0ed52e663\" style=\"font-size:15px\">Comenz\u00f3 con el aspecto m\u00e1s cl\u00e1sico de la fotograf\u00eda: la qu\u00edmica, que no anal\u00f3gica (como le gusta decir a Jos\u00e9 Manuel Navia). Sin embargo, fue en la era digital cuando definitivamente entr\u00f3 de lleno en este apasionante mundo.<\/p>\n\n\n\n<p class=\"has-cyan-bluish-gray-color has-text-color has-link-color wp-elements-cb37b97240ef04e7f6c4806cdf872ef0\" style=\"font-size:15px\">Tras colaborar con varias asociaciones de La Rioja, participando en diferentes exposiciones e impartiendo cursos fotogr\u00e1ficos, Angel entra a forma parte de la escuela de fotograf\u00eda Foto Gasteiz. Es aqu\u00ed, junto a Gustavo Bravo, donde comienza a descubrir g\u00e9neros que activan su creatividad y empieza a realizar proyectos m\u00e1s personales y complejos.<\/p>\n<\/div><\/div>\n<\/div><figure class=\"wp-block-media-text__media\"><img loading=\"lazy\" decoding=\"async\" width=\"682\" height=\"1024\" src=\"http:\/\/angelvalencia.es\/wp-content\/uploads\/2021\/04\/MG_5648-1-682x1024.jpg\" alt=\"\u00c1ngel Valencia\" class=\"wp-image-1631 size-full\" srcset=\"https:\/\/angelvalencia.es\/wp-content\/uploads\/2021\/04\/MG_5648-1-682x1024.jpg 682w, https:\/\/angelvalencia.es\/wp-content\/uploads\/2021\/04\/MG_5648-1-200x300.jpg 200w, https:\/\/angelvalencia.es\/wp-content\/uploads\/2021\/04\/MG_5648-1-768x1152.jpg 768w, https:\/\/angelvalencia.es\/wp-content\/uploads\/2021\/04\/MG_5648-1-1024x1536.jpg 1024w, https:\/\/angelvalencia.es\/wp-content\/uploads\/2021\/04\/MG_5648-1.jpg 1333w\" sizes=\"auto, (max-width: 682px) 100vw, 682px\" \/><\/figure><\/div>\n\n\n\n<div style=\"height:69px\" aria-hidden=\"true\" class=\"wp-block-spacer\"><\/div>\n\n\n\n<h2 class=\"wp-block-heading\">Curriculum art\u00edstico<\/h2>\n\n\n\n<div style=\"height:18px\" aria-hidden=\"true\" class=\"wp-block-spacer\"><\/div>\n\n\n\n<h3 class=\"wp-block-heading\">Formaci\u00f3n<\/h3>\n\n\n\n<div class=\"wp-block-columns is-not-stacked-on-mobile is-layout-flex wp-container-core-columns-is-layout-9d6595d7 wp-block-columns-is-layout-flex\">\n<div class=\"wp-block-column is-layout-flow wp-block-column-is-layout-flow\">\n<p><strong>Proyecto fotogr\u00e1fico<\/strong><\/p>\n\n\n\n<p><strong>Bajo las aguas<\/strong><\/p>\n\n\n\n<p><strong>\u00bfDe qu\u00e9 se trata?<\/strong><\/p>\n\n\n\n<p><strong>El laberinto de las formas<\/strong><\/p>\n\n\n\n<p><strong>Edici\u00f3n Fotogr\u00e1fica<\/strong><\/p>\n\n\n\n<p><\/p>\n\n\n\n<p><strong>Street Photography<\/strong><\/p>\n<\/div>\n\n\n\n<div class=\"wp-block-column is-layout-flow wp-block-column-is-layout-flow\">\n<p>F\u00e9lix Guerra<\/p>\n\n\n\n<p>David Salcedo<\/p>\n\n\n\n<p>David Salcedo<\/p>\n\n\n\n<p>David Jim\u00e9nez<\/p>\n\n\n\n<p>Jos\u00e9 Manuel Navia<\/p>\n\n\n\n<p><\/p>\n\n\n\n<p>Rafa Badia<\/p>\n\n\n\n<p>Rodrigo Roher<\/p>\n\n\n\n<p>Gustavo Bravo<\/p>\n\n\n\n<p>Alberto Verd\u00fa<\/p>\n\n\n\n<p>Josu Zaldivar<\/p>\n\n\n\n<p>Marcelo Caballero<\/p>\n<\/div>\n\n\n\n<div class=\"wp-block-column is-layout-flow wp-block-column-is-layout-flow\">\n<p>2024<\/p>\n\n\n\n<p>2023<\/p>\n\n\n\n<p>2022<\/p>\n\n\n\n<p>2021<\/p>\n\n\n\n<p>2018<\/p>\n\n\n\n<p><\/p>\n\n\n\n<p>2022<\/p>\n\n\n\n<p>2022<\/p>\n\n\n\n<p>2021<\/p>\n\n\n\n<p>2020<\/p>\n\n\n\n<p>2015<\/p>\n\n\n\n<p>2014, 2015, 2016<\/p>\n<\/div>\n<\/div>\n\n\n\n<div style=\"height:46px\" aria-hidden=\"true\" class=\"wp-block-spacer\"><\/div>\n\n\n\n<p>Desde 2021, formaci\u00f3n continua en la plataforma online de <a href=\"https:\/\/www.jardinremoto.net\/\" title=\"Jard\u00edn Remoto\">Jard\u00edn Remoto<\/a>, bajo la supervisi\u00f3n de Gustavo Bravo<\/p>\n\n\n\n<p><\/p>\n\n\n\n<p> <\/p>\n\n\n\n<div style=\"height:100px\" aria-hidden=\"true\" class=\"wp-block-spacer\"><\/div>\n\n\n\n<h3 class=\"wp-block-heading\">Exposiciones<\/h3>\n\n\n\n<div class=\"wp-block-columns is-not-stacked-on-mobile is-layout-flex wp-container-core-columns-is-layout-9d6595d7 wp-block-columns-is-layout-flex\">\n<div class=\"wp-block-column is-layout-flow wp-block-column-is-layout-flow\">\n<p><strong>Individuales<\/strong><\/p>\n\n\n\n<p><strong>Colectivas<\/strong><\/p>\n\n\n\n<p><\/p>\n<\/div>\n\n\n\n<div class=\"wp-block-column is-layout-flow wp-block-column-is-layout-flow\">\n<p>\u00abAngel Valencia. Fotograf\u00edas\u00bb<\/p>\n\n\n\n<p>\u00abAbandono\u00bb<\/p>\n\n\n\n<p>\u00abPares dispares\u00bb<\/p>\n\n\n\n<p>\u00abRoblanvera\u00bb<\/p>\n\n\n\n<p>\u00abRiojanismos\u00bb<\/p>\n\n\n\n<p>\u00abIm\u00e1genes en diez palabras\u00bb<\/p>\n\n\n\n<p><\/p>\n<\/div>\n\n\n\n<div class=\"wp-block-column is-layout-flow wp-block-column-is-layout-flow\">\n<p>2011<\/p>\n\n\n\n<p>2022<\/p>\n\n\n\n<p>2021<\/p>\n\n\n\n<p>2019<\/p>\n\n\n\n<p>2018<\/p>\n\n\n\n<p>2016<\/p>\n\n\n\n<p><\/p>\n\n\n\n<p><\/p>\n<\/div>\n<\/div>\n\n\n\n<div style=\"height:100px\" aria-hidden=\"true\" class=\"wp-block-spacer\"><\/div>\n\n\n\n<h3 class=\"wp-block-heading\">Reconocimientos<\/h3>\n\n\n\n<p><strong>2009<\/strong>. Primer premio del concurso de fotograf\u00eda 2011 \u00abEl Camino de Santiago\u00bb organizado por la Asociaci\u00f3n Riojana de Amigos del Camino de Santiago<\/p>\n\n\n\n<p><strong>2011<\/strong>. \u200e2\u00ba Premio en el concurso \u00abLa Rioja a trav\u00e9s del objetivo: \u201cVerano: Valle del Najerilla y del Alhama\u00bb<\/p>\n\n\n\n<p><strong>2012<\/strong>. Primer premio en el concurso fotogr\u00e1fico del <a href=\"https:\/\/angelvalencia.es\/?page_id=1971\" title=\"43 Festival de Plectro de La Rioja\">43 Festival de Plectro de La Rioja<\/a><\/p>\n\n\n\n<p><strong>2012<\/strong>. Primer premio en la categor\u00eda Marqu\u00e9s de Riscal del III Rally fotogr\u00e1fico del Rioja<\/p>\n\n\n\n<p><strong>2014<\/strong>. Primer premio en el I Concurso Fotogr\u00e1fico de Gr\u00e1valos<\/p>\n\n\n\n<p><strong>2021<\/strong>. Serie ganadora del II Certamen de FotoKalea con \u00ab<a href=\"https:\/\/angelvalencia.es\/?p=1693\" title=\"Blanco roto\">Blanco roto<\/a>\u00ab<\/p>\n\n\n\n<p><strong>2023<\/strong>. Fotograf\u00eda seleccionada por La Rioja en el certamen de PhotoEspa\u00f1a  \u00ab<a href=\"https:\/\/angelvalencia.es\/?p=1768\" title=\"Espa\u00f1a. Retrato de un pa\u00eds\">Espa\u00f1a. Retrato de un pa\u00eds<\/a>\u00ab<\/p>\n\n\n\n<div style=\"height:100px\" aria-hidden=\"true\" class=\"wp-block-spacer\"><\/div>\n\n\n\n<p><\/p>\n\n\n\n<p><\/p>\n\n\n\n<p><br><br><\/p>\n\n\n\n<h2 class=\"wp-block-heading\">Contacto<\/h2>\n\n\n<div class=\"wpforms-container wpforms-block wpforms-block-728fe53b-092f-4cd0-bda6-b05e4b61e236\" id=\"wpforms-4\"><form id=\"wpforms-form-4\" class=\"wpforms-validate wpforms-form\" data-formid=\"4\" method=\"post\" enctype=\"multipart\/form-data\" action=\"\/index.php?rest_route=%2Fwp%2Fv2%2Fpages%2F1461\" data-token=\"19997cdd3484ffc91a9bc7b78903e78b\" data-token-time=\"1778673773\"><noscript class=\"wpforms-error-noscript\">Por favor, activa JavaScript en tu navegador para completar este formulario.<\/noscript><div class=\"wpforms-field-container\"><div id=\"wpforms-4-field_0-container\" class=\"wpforms-field wpforms-field-name\" data-field-id=\"0\"><label class=\"wpforms-field-label\" for=\"wpforms-4-field_0\">Tu nombre <span class=\"wpforms-required-label\">*<\/span><\/label><input type=\"text\" id=\"wpforms-4-field_0\" class=\"wpforms-field-large wpforms-field-required\" name=\"wpforms[fields][0]\" required><\/div><div id=\"wpforms-4-field_1-container\" class=\"wpforms-field wpforms-field-email\" data-field-id=\"1\"><label class=\"wpforms-field-label\" for=\"wpforms-4-field_1\">Tu direcci\u00f3n de correo electr\u00f3nico <span class=\"wpforms-required-label\">*<\/span><\/label><input type=\"email\" id=\"wpforms-4-field_1\" class=\"wpforms-field-large wpforms-field-required\" name=\"wpforms[fields][1]\" spellcheck=\"false\" required><\/div><div id=\"wpforms-4-field_2-container\" class=\"wpforms-field wpforms-field-textarea\" data-field-id=\"2\"><label class=\"wpforms-field-label\" for=\"wpforms-4-field_2\">Tu mensaje <span class=\"wpforms-required-label\">*<\/span><\/label><textarea id=\"wpforms-4-field_2\" class=\"wpforms-field-medium wpforms-field-required\" name=\"wpforms[fields][2]\" required><\/textarea><\/div><\/div><!-- .wpforms-field-container --><div class=\"wpforms-field wpforms-field-hp\"><label for=\"wpforms-4-field-hp\" class=\"wpforms-field-label\">Comment<\/label><input type=\"text\" name=\"wpforms[hp]\" id=\"wpforms-4-field-hp\" class=\"wpforms-field-medium\"><\/div><div class=\"wpforms-recaptcha-container wpforms-is-recaptcha wpforms-is-recaptcha-type-v2\" ><div class=\"g-recaptcha\" data-sitekey=\"6LexKjcpAAAAADB9x7KdlTbJbeGjllECGnFC4VLO\"><\/div><input type=\"text\" name=\"g-recaptcha-hidden\" class=\"wpforms-recaptcha-hidden\" style=\"position:absolute!important;clip:rect(0,0,0,0)!important;height:1px!important;width:1px!important;border:0!important;overflow:hidden!important;padding:0!important;margin:0!important;\" data-rule-recaptcha=\"1\"><\/div><div class=\"wpforms-submit-container\" ><input type=\"hidden\" name=\"wpforms[id]\" value=\"4\"><input type=\"hidden\" name=\"page_title\" value=\"\"><input type=\"hidden\" name=\"page_url\" value=\"https:\/\/angelvalencia.es\/index.php?rest_route=\/wp\/v2\/pages\/1461\"><input type=\"hidden\" name=\"url_referer\" value=\"\"><button type=\"submit\" name=\"wpforms[submit]\" id=\"wpforms-submit-4\" class=\"wpforms-submit\" data-alt-text=\"Enviando...\" data-submit-text=\"Enviar mensaje\" aria-live=\"assertive\" value=\"wpforms-submit\">Enviar mensaje<\/button><\/div><\/form><\/div>  <!-- .wpforms-container -->\n\n\n<p><\/p>\n\n\n\n<p><\/p>\n\n\n\n<p><\/p>\n","protected":false},"excerpt":{"rendered":"<p>Logro\u00f1o, 1973 Curriculum art\u00edstico Formaci\u00f3n Proyecto fotogr\u00e1fico Bajo las aguas \u00bfDe qu\u00e9 se trata? El laberinto de las formas Edici\u00f3n&hellip; <\/p>\n","protected":false},"author":1,"featured_media":0,"parent":0,"menu_order":0,"comment_status":"closed","ping_status":"closed","template":"","meta":{"_monsterinsights_skip_tracking":false,"_monsterinsights_sitenote_active":false,"_monsterinsights_sitenote_note":"","_monsterinsights_sitenote_category":0,"footnotes":""},"class_list":["post-1461","page","type-page","status-publish","hentry"],"aioseo_notices":[],"_links":{"self":[{"href":"https:\/\/angelvalencia.es\/index.php?rest_route=\/wp\/v2\/pages\/1461","targetHints":{"allow":["GET"]}}],"collection":[{"href":"https:\/\/angelvalencia.es\/index.php?rest_route=\/wp\/v2\/pages"}],"about":[{"href":"https:\/\/angelvalencia.es\/index.php?rest_route=\/wp\/v2\/types\/page"}],"author":[{"embeddable":true,"href":"https:\/\/angelvalencia.es\/index.php?rest_route=\/wp\/v2\/users\/1"}],"replies":[{"embeddable":true,"href":"https:\/\/angelvalencia.es\/index.php?rest_route=%2Fwp%2Fv2%2Fcomments&post=1461"}],"version-history":[{"count":48,"href":"https:\/\/angelvalencia.es\/index.php?rest_route=\/wp\/v2\/pages\/1461\/revisions"}],"predecessor-version":[{"id":2100,"href":"https:\/\/angelvalencia.es\/index.php?rest_route=\/wp\/v2\/pages\/1461\/revisions\/2100"}],"wp:attachment":[{"href":"https:\/\/angelvalencia.es\/index.php?rest_route=%2Fwp%2Fv2%2Fmedia&parent=1461"}],"curies":[{"name":"wp","href":"https:\/\/api.w.org\/{rel}","templated":true}]}}